{"id":72,"date":"2025-06-28T12:41:30","date_gmt":"2025-06-28T12:41:30","guid":{"rendered":"https:\/\/cslashesandbeauty.de\/?page_id=72"},"modified":"2025-07-16T16:38:11","modified_gmt":"2025-07-16T16:38:11","slug":"preisliste","status":"publish","type":"page","link":"https:\/\/cslashesandbeauty.de\/?page_id=72","title":{"rendered":"Preisliste"},"content":{"rendered":"\n<div class=\"wp-block-columns alignwide is-layout-flex wp-container-core-columns-is-layout-28f84493 wp-block-columns-is-layout-flex\">\n<div class=\"wp-block-column is-layout-flow wp-block-column-is-layout-flow\"><\/div>\n\n\n\n<div class=\"wp-block-column is-layout-flow wp-block-column-is-layout-flow\"><\/div>\n<\/div>\n\n\n\n<div class=\"wp-block-group alignfull has-background-background-color has-background has-global-padding is-layout-constrained wp-container-core-group-is-layout-7276a2bb wp-block-group-is-layout-constrained\" style=\"margin-top:0;margin-bottom:0;padding-top:var(--wp--preset--spacing--60);padding-right:var(--wp--preset--spacing--30);padding-bottom:var(--wp--preset--spacing--60);padding-left:var(--wp--preset--spacing--30)\">\n<div class=\"wp-block-group alignwide has-global-padding is-content-justification-center is-layout-constrained wp-block-group-is-layout-constrained\">\n<h2 class=\"wp-block-heading has-text-align-center has-large-font-size\">Attraktive Preise f\u00fcr alle Behandlungen<\/h2>\n\n\n\n<p class=\"has-text-align-center\" style=\"margin-top:16px\">Unsere Preisliste zeigt transparent die Kosten f\u00fcr Wimpernverl\u00e4ngerungen, Brow-Liftings und Aquafacial Beahndlungen \u2013 mit klarem Fokus auf Qualit\u00e4t und Nutzen.<\/p>\n<\/div>\n\n\n\n<figure class=\"wp-block-image size-large\"><img loading=\"lazy\" decoding=\"async\" width=\"819\" height=\"1024\" src=\"https:\/\/cslashesandbeauty.de\/wp-content\/uploads\/2025\/06\/1366c0de-e864-4ecf-8998-385b37dd87f8-1-819x1024.jpg\" alt=\"\" class=\"wp-image-75\" srcset=\"https:\/\/cslashesandbeauty.de\/wp-content\/uploads\/2025\/06\/1366c0de-e864-4ecf-8998-385b37dd87f8-1-819x1024.jpg 819w, https:\/\/cslashesandbeauty.de\/wp-content\/uploads\/2025\/06\/1366c0de-e864-4ecf-8998-385b37dd87f8-1-240x300.jpg 240w, https:\/\/cslashesandbeauty.de\/wp-content\/uploads\/2025\/06\/1366c0de-e864-4ecf-8998-385b37dd87f8-1-768x960.jpg 768w, https:\/\/cslashesandbeauty.de\/wp-content\/uploads\/2025\/06\/1366c0de-e864-4ecf-8998-385b37dd87f8-1.jpg 1146w\" sizes=\"auto, (max-width: 819px) 100vw, 819px\" \/><\/figure>\n\n\n\n<figure class=\"wp-block-image size-large\"><img loading=\"lazy\" decoding=\"async\" width=\"819\" height=\"1024\" src=\"https:\/\/cslashesandbeauty.de\/wp-content\/uploads\/2025\/06\/30a2eecc-30c7-461a-bb25-7979237a9e53-2-819x1024.jpg\" alt=\"\" class=\"wp-image-74\" srcset=\"https:\/\/cslashesandbeauty.de\/wp-content\/uploads\/2025\/06\/30a2eecc-30c7-461a-bb25-7979237a9e53-2-819x1024.jpg 819w, https:\/\/cslashesandbeauty.de\/wp-content\/uploads\/2025\/06\/30a2eecc-30c7-461a-bb25-7979237a9e53-2-240x300.jpg 240w, https:\/\/cslashesandbeauty.de\/wp-content\/uploads\/2025\/06\/30a2eecc-30c7-461a-bb25-7979237a9e53-2-768x960.jpg 768w, https:\/\/cslashesandbeauty.de\/wp-content\/uploads\/2025\/06\/30a2eecc-30c7-461a-bb25-7979237a9e53-2.jpg 1142w\" sizes=\"auto, (max-width: 819px) 100vw, 819px\" \/><\/figure>\n\n\n\n<figure class=\"wp-block-image size-large\"><img loading=\"lazy\" decoding=\"async\" width=\"819\" height=\"1024\" src=\"https:\/\/cslashesandbeauty.de\/wp-content\/uploads\/2025\/06\/6b5e7430-562e-47dd-8385-f68e20a957e3-3-819x1024.jpg\" alt=\"\" class=\"wp-image-73\" srcset=\"https:\/\/cslashesandbeauty.de\/wp-content\/uploads\/2025\/06\/6b5e7430-562e-47dd-8385-f68e20a957e3-3-819x1024.jpg 819w, https:\/\/cslashesandbeauty.de\/wp-content\/uploads\/2025\/06\/6b5e7430-562e-47dd-8385-f68e20a957e3-3-240x300.jpg 240w, https:\/\/cslashesandbeauty.de\/wp-content\/uploads\/2025\/06\/6b5e7430-562e-47dd-8385-f68e20a957e3-3-768x960.jpg 768w, https:\/\/cslashesandbeauty.de\/wp-content\/uploads\/2025\/06\/6b5e7430-562e-47dd-8385-f68e20a957e3-3-1229x1536.jpg 1229w, https:\/\/cslashesandbeauty.de\/wp-content\/uploads\/2025\/06\/6b5e7430-562e-47dd-8385-f68e20a957e3-3.jpg 1510w\" sizes=\"auto, (max-width: 819px) 100vw, 819px\" \/><\/figure>\n\n\n\n<figure class=\"wp-block-image size-large\"><img loading=\"lazy\" decoding=\"async\" width=\"819\" height=\"1024\" src=\"https:\/\/cslashesandbeauty.de\/wp-content\/uploads\/2025\/06\/e60698cf-6e97-4b34-b8df-fb409250eb92-1-819x1024.jpg\" alt=\"\" class=\"wp-image-76\" srcset=\"https:\/\/cslashesandbeauty.de\/wp-content\/uploads\/2025\/06\/e60698cf-6e97-4b34-b8df-fb409250eb92-1-819x1024.jpg 819w, https:\/\/cslashesandbeauty.de\/wp-content\/uploads\/2025\/06\/e60698cf-6e97-4b34-b8df-fb409250eb92-1-240x300.jpg 240w, https:\/\/cslashesandbeauty.de\/wp-content\/uploads\/2025\/06\/e60698cf-6e97-4b34-b8df-fb409250eb92-1-768x960.jpg 768w, https:\/\/cslashesandbeauty.de\/wp-content\/uploads\/2025\/06\/e60698cf-6e97-4b34-b8df-fb409250eb92-1.jpg 1179w\" sizes=\"auto, (max-width: 819px) 100vw, 819px\" \/><\/figure>\n<\/div>\n","protected":false},"excerpt":{"rendered":"<p>Attraktive Preise f\u00fcr alle Behandlungen Unsere Preisliste zeigt transparent die Kosten f\u00fcr Wimpernverl\u00e4ngerungen, Brow-Liftings und Aquafacial Beahndlungen \u2013 mit klarem Fokus auf Qualit\u00e4t und Nutzen.<\/p>\n","protected":false},"author":1,"featured_media":0,"parent":0,"menu_order":0,"comment_status":"closed","ping_status":"closed","template":"no-title","meta":{"footnotes":""},"class_list":["post-72","page","type-page","status-publish","hentry"],"aioseo_notices":[],"_links":{"self":[{"href":"https:\/\/cslashesandbeauty.de\/index.php?rest_route=\/wp\/v2\/pages\/72","targetHints":{"allow":["GET"]}}],"collection":[{"href":"https:\/\/cslashesandbeauty.de\/index.php?rest_route=\/wp\/v2\/pages"}],"about":[{"href":"https:\/\/cslashesandbeauty.de\/index.php?rest_route=\/wp\/v2\/types\/page"}],"author":[{"embeddable":true,"href":"https:\/\/cslashesandbeauty.de\/index.php?rest_route=\/wp\/v2\/users\/1"}],"replies":[{"embeddable":true,"href":"https:\/\/cslashesandbeauty.de\/index.php?rest_route=%2Fwp%2Fv2%2Fcomments&post=72"}],"version-history":[{"count":3,"href":"https:\/\/cslashesandbeauty.de\/index.php?rest_route=\/wp\/v2\/pages\/72\/revisions"}],"predecessor-version":[{"id":132,"href":"https:\/\/cslashesandbeauty.de\/index.php?rest_route=\/wp\/v2\/pages\/72\/revisions\/132"}],"wp:attachment":[{"href":"https:\/\/cslashesandbeauty.de\/index.php?rest_route=%2Fwp%2Fv2%2Fmedia&parent=72"}],"curies":[{"name":"wp","href":"https:\/\/api.w.org\/{rel}","templated":true}]}}